6 and 1198494?
198
What is the highest common factor of 66712860 and 53469?
4113
Calculate the highest common factor of 696 and 6778536.
24
Calculate the greatest common divisor of 9493818 and 23766.
1398
What is the greatest common factor of 12615 and 164217865?
4205
What is the highest common divisor of 19623803 and 8409?
2803
What is the greatest common factor of 1493985056 and 736?
736
What is the greatest common factor of 227368256 and 2368?
2368
What is the greatest common factor of 87316292 and 14?
14
What is the greatest common divisor of 90818 and 1513694?
182
What is the highest common divisor of 145237 and 1429667?
311
Calculate the greatest common factor of 1276 and 79792108.
1276
What is the greatest common divisor of 505 and 56190845?
505
Calculate the greatest common factor of 18299079 and 41410.
4141
Calculate the highest common divisor of 1785498 and 815958.
858
What is the highest common factor of 75313 and 196?
49
Calculate the greatest common factor of 41578 and 378.
2
What is the greatest common factor of 20458098 and 738?
738
What is the greatest common divisor of 52969055 and 285?
95
What is the greatest common divisor of 642 and 231498994?
214
Calculate the greatest common divisor of 93 and 569015292.
93
What is the highest common divisor of 2963 and 1576721931?
2963
Calculate the greatest common divisor of 1799 and 25883755.
257
Calculate the highest common divisor of 2081526 and 25482.
186
Calculate the greatest common divisor of 218051 and 10609.
103
Calculate the highest common divisor of 161 and 197568091.
161
What is the greatest common divisor of 535766 and 252791?
3773
Calculate the greatest common factor of 4733405 and 155.
5
What is the highest common factor of 84054805 and 545?
545
What is the greatest common divisor of 8115929 and 2042?
1021
What is the greatest common factor of 596 and 47926446?
298
What is the highest common divisor of 1872 and 7214896?
208
What is the highest common factor of 20188062 and 21798?
3114
Calculate the greatest common factor of 4749 and 213560947.
1583
What is the highest common factor of 261 and 296502873?
87
What is the greatest common factor of 190 and 1183512014?
38
What is the greatest common divisor of 365857232 and 12?
4
What is the highest common factor of 5083443 and 45?
9
What is the highest common divisor of 58194648 and 593?
593
Calculate the highest common divisor of 93 and 5198638.
31
What is the highest common factor of 39050091 and 4653?
423
What is the greatest common divisor of 1271519 and 6226?
283
Calculate the greatest common factor of 7886965 and 82.
41
What is the highest common factor of 121 and 8816643?
11
Calculate the greatest common factor of 80569120 and 18240.
3040
Calculate the highest common divisor of 41226122 and 1190.
238
Calculate the highest common factor of 3903013 and 85.
17
What is the highest common divisor of 234 and 21597318?
18
Calculate the highest common factor of 62988 and 431520.
348
What is the greatest common factor of 561384 and 7867173?
7797
Calculate the greatest common factor of 1025 and 10776030.
205
What is the greatest common factor of 1989693 and 243?
9
Calculate the highest common factor of 52 and 5454956.
52
Calculate the greatest common divisor of 5736277 and 302037.
1213
Calculate the greatest common divisor of 1252107162 and 16844.
8422
What is the greatest common divisor of 33995890 and 60?
10
Calculate the greatest common factor of 54664596 and 37746.
4194
What is the greatest common factor of 64 and 176262000?
16
Calculate the greatest common divisor of 2886 and 1324682658.
2886
What is the greatest common factor of 108928 and 1315646?
1702
What is the highest common divisor of 2356 and 19195510?
1178
What is the greatest common divisor of 55071 and 10972?
211
What is the highest common divisor of 7056 and 65088?
144
What is the greatest common divisor of 496228 and 11019292?
3788
Calculate the greatest common divisor of 6591 and 1316991.
39
Calculate the greatest common divisor of 7473 and 177.
3
What is the greatest common factor of 1376 and 19054592?
32
Calculate the highest common factor of 171908 and 352.
44
Calculate the greatest common divisor of 31742 and 104477986.
538
What is the highest common divisor of 3696 and 1203859272?
1848
Calculate the greatest common divisor of 9087093 and 345.
69
Calculate the greatest common divisor of 105017 and 275.
11
Calculate the greatest common divisor of 174 and 927184375.
29
Calculate the highest common divisor of 3458 and 3047863.
91
What is the greatest common factor of 8254630 and 23648?
1478
What is the greatest common factor of 38104884 and 135?
27
What is the greatest common factor of 52 and 25400882?
26
Calculate the highest common factor of 674 and 12623009.
337
What is the greatest common divisor of 9114 and 20208776?
3038
Calculate the highest common divisor of 13289486 and 1421.
49
What is the greatest common divisor of 360185 and 13615280?
1435
Calculate the highest common factor of 156 and 104439231.
39
What is the greatest common divisor of 10318 and 922724?
1474
Calculate the highest common factor of 7586500 and 2000.
500
Calculate the highest common divisor of 163482 and 103686.
66
What is the greatest common factor of 5240633 and 5509?
787
Calculate the highest common divisor of 127 and 23394797.
127
Calculate the greatest common factor of 4356 and 27226.
2
What is the greatest common factor of 12206295 and 3645?
405
What is the greatest common factor of 6765318 and 1890?
126
What is the highest common divisor of 124900704 and 9?
9
What is the greatest common divisor of 626116 and 4239?
157
What is the greatest common factor of 103840 and 95403?
649
What is the greatest common factor of 9510632 and 230824?
488
Calculate the highest common factor of 1721 and 49576847.
1721
What is the highest common factor of 156 and 12261990?
78
What is the highest common factor of 284 and 157874251?
71
Calculate the greatest common divisor of 18241924 and 84604.
6508
Calculate the greatest common factor of 35017 and 13509.
19
What is the highest common factor of 57109388 and 28?
28
Calculate the greatest common divisor of 3384 and 24484.
4
Calculate the highest common factor of 2067 and 20093307.
2067
Calculate the highest common divisor of 6402 and 500742.
66
What is the highest common divisor of 71 and 2463061?
71
What is the highest common factor of 11 and 630634356?
11
What is the greatest common divisor of 189436 and 5876?
52
Calculate the greatest common divisor of 637740 and 3340.
20
What is the greatest common factor of 1583888 and 272?
16
Calculate the greatest common divisor of 99 and 12965568.
33
What is the greatest common divisor of 63042 and 8866802?
1106
What is the greatest common factor of 776060099 and 5546?
2773
Calculate the highest common factor of 10542144 and 1184.
32
What is the highest common factor of 787684 and 1719?
191
Calculate the highest common factor of 9593 and 260707.
53
What is the highest common factor of 3731 and 2820363?
91
Calculate the highest common divisor of 3585622 and 215704.
914
Calculate the greatest common factor of 198945440 and 240.
80
What is the greatest common factor of 46 and 13455989?
23
What is the greatest common divisor of 187 and 41971963?
187
What is the highest common divisor of 247 and 89158888?
13
Calculate the highest common divisor of 14425327 and 1834.
917
What is the highest common divisor of 8518227 and 30?
3
Calculate the greatest common factor of 3606 and 1022394.
6
What is the greatest common factor of 160577 and 8339091?
1559
What is the greatest common divisor of 24237998 and 46?
46
What is the greatest common factor of 5976 and 905672?
8
What is the highest common divisor of 4800008 and 1292?
76
Calculate the highest common factor of 91357 and 27559.
217
What is the highest common factor of 5088640 and 55680?
640
What is the greatest common divisor of 2691288 and 3366?
18
Calculate the greatest common divisor of 190095 and 216543.
1653
What is the greatest common factor of 7064 and 11135513?
883
Calculate the greatest common factor of 221 and 399210643.
221
Calculate the greatest common divisor of 74705 and 2747.
67
What is the highest common divisor of 16 and 182296376?
8
Calculate the